-125)?
-1
Let p(n) = -9491*n + 94905. Give p(10).
-5
Let q(f) = -f**3 + 78*f**2 + 84*f + 82. Give q(79).
477
Let i(p) = -2*p**3 - 85*p**2 - 140*p - 724. What is i(-41)?
-27
Let x(p) = -p**3 - p**2 + 17*p + 29. What is x(-5)?
44
Let x(m) = m**3 + 2*m**2 + 9*m + 221. What is x(-7)?
-87
Let k(t) = -t**3 + 202*t**2 - 200*t - 219. Determine k(201).
-18
Let b(o) = -11235*o - 11066. What is b(-1)?
169
Let b(s) = -s**3 + 30*s**2 + 2582*s - 79136. What is b(31)?
-55
Let o(a) = 12*a**2 - 611*a - 31. Determine o(49).
-1158
Let l(n) = 206580*n - 413242. Calculate l(2).
-82
Let p(q) = 20*q**3 - 15*q**2 - 8*q + 96. Give p(2).
180
Let z(l) = 2*l**3 - 152*l**2 - 482*l + 632. Give z(79).
0
Let m(x) = -199*x + 16962. Calculate m(84).
246
Let y(l) = 1037*l + 18863. Give y(-18).
197
Let t(r) = -2*r**2 - 428*r + 270354. Calculate t(276).
-126
Let n(t) = -9*t**2 + 1381*t - 35179. Give n(33).
593
Let c(o) = -16*o**2 - 404*o + 1956. Determine c(5).
-464
Let x(f) = -4*f**2 + 433*f + 207. Determine x(109).
-120
Let k(t) = -257*t**2 + 42410*t - 816. Determine k(165).
9
Let d(y) = 8978*y - 71823. Give d(8).
1
Let u(y) = 284*y - 132197. What is u(468)?
715
Let r(q) = -40327*q + 241963. Give r(6).
1
Let i(r) = 751*r + 18773. Give i(-25).
-2
Let u(s) = -2*s**3 + 210*s**2 - 659*s + 69197. What is u(105)?
2
Let h(b) = 3870*b**2 - 19412*b + 126. What is h(5)?
-184
Let l(r) = -262483*r - 2099865. Determine l(-8).
-1
Let u(l) = l**3 + 67*l**2 + 81*l + 1306. Determine u(-66).
316
Let m(z) = -z**3 + 749*z**2 - 8791*z - 39034. Calculate m(737).
27
Let h(w) = -w**3 + 38*w**2 + 3005*w - 167. Give h(77).
-13
Let j(r) = -7*r**2 - 123*r - 275. Determine j(-20).
-615
Let v(j) = 2*j**3 + 764*j**2 - 5471*j + 167. Determine v(7).
-8
Let f(s) = -3*s**3 + 417*s**2 + 288*s + 18476. What is f(140)?
-4
Let v(o) = 2*o**3 + 210*o**2 - 543*o - 35121. What is v(-106)?
-35
Let j(r) = r**2 - 8789*r + 5948958. Determine j(739).
8
Let t(j) = -13380*j + 26751. Give t(2).
-9
Let g(m) = 30*m - 3966. Calculate g(108).
-726
Let t(i) = 62*i**3 + 3*i**2 - 6*i - 34. What is t(0)?
-34
Let t(f) = 3*f**3 - 84*f**2 + 92*f + 143. Give t(2).
15
Let r(p) = -p**3 + 96*p**2 + 1598*p - 19758. Determine r(109).
-29
Let m(l) = 8*l**2 + 124*l + 1030. Calculate m(-9).
562
Let r(h) = h**3 + 65*h**2 - 321*h - 16837. Give r(-66).
-7
Let p(w) = -14829*w - 385498. Give p(-26).
56
Let m(w) = -w**3 + 47*w**2 - 26*w + 68. Determine m(47).
-1154
Let r(y) = 6*y**3 - 12*y**2 - 13*y - 1572. Determine r(0).
-1572
Let q(t) = -t**3 + 37*t**2 + 4298*t + 4114. Give q(-49).
-2
Let m(k) = k**3 + 65*k**2 + 311*k + 883. Calculate m(-60).
223
Let i(n) = -3953*n - 2399465. What is i(-607)?
6
Let k(p) = -p**2 + 32*p + 557. Give k(57).
-868
Let q(j) = -j**3 + 43*j**2 - 273*j - 825. Give q(32).
1703
Let m(f) = 4*f**3 - 84*f**2 + 29*f - 658. Give m(21).
-49
Let p(g) = -g**2 + 973*g + 35. Calculate p(0).
35
Let x(v) = -2*v**3 + 485*v**2 + 26196*v + 3466. What is x(288)?
10
Let r(p) = -p**3 - 6*p**2 + 4195*p + 25182. What is r(-6)?
12
Let w(f) = -4*f**2 + 1528*f - 29017. Give w(362).
-57
Let x(c) = 4700*c + 385475. Calculate x(-82).
75
Let j(g) = g**3 + 152*g**2 - 47*g - 7376. What is j(-152)?
-232
Let u(p) = -5*p**3 - 906*p**2 - 181*p - 173. Determine u(-181).
-173
Let y(c) = c**2 - 218*c - 2210. Give y(-10).
70
Let g(c) = 4*c**3 - 57*c**2 + 4*c + 55. Determine g(6).
-1109
Let s(b) = b**3 + 43*b**2 + 18*b + 2711. Determine s(-44).
-17
Let d(y) = y**2 - 2817*y + 137436. Determine d(50).
-914
Let n(i) = 24*i**2 + 28*i - 160. Determine n(6).
872
Let w(d) = 43*d**2 - 12948*d + 1493. Give w(301).
-12
Let o(h) = 22350*h + 44709. Calculate o(-2).
9
Let u(f) = -12*f**3 - 87*f**2 + 46*f + 164. Calculate u(-5).
-741
Let c(a) = 7*a**3 + 222*a**2 - 1634*a - 50255. What is c(-32)?
-15
Let p(a) = -a**3 - 483*a**2 - 4261*a + 32. Calculate p(-9).
-13
Let y(d) = 1561*d - 16953. Calculate y(11).
218
Let r(n) = -249388*n - 249371. Calculate r(-1).
17
Let x(a) = 6*a**3 - 49*a**2 - 84*a + 228. Determine x(-3).
-123
Let k(m) = m**3 + 37*m**2 - 279*m - 884. Give k(-43).
19
Let c(i) = i**2 - 3789*i + 1488089. Calculate c(445).
9
Let b(o) = 12*o**2 - 251*o - 4245. What is b(-11)?
-32
Let j(o) = 5*o**2 + 1994*o + 198754. Give j(-196).
10
Let u(b) = -16*b**2 + 905*b + 9971. Give u(66).
5
Let h(o) = -o**3 + 99*o**2 - 2490*o + 1868. Determine h(49).
-92
Let m(f) = f**3 + 909*f**2 + 128453*f + 2207. Determine m(-734).
5
Let g(m) = -616*m**2 - 28339*m - 133. Calculate g(-46).
5
Let g(k) = -4092473*k - 16369876. What is g(-4)?
16
Let v(x) = 3*x**3 - 205*x**2 + 298*x - 15651. Calculate v(68).
-11
Let h(j) = -j**3 + 28*j**2 - 175*j + 27. Give h(25).
-2473
Let y(i) = i**3 + 23*i**2 + 126*i - 28. What is y(-12)?
44
Let u(o) = 7*o**2 + 288*o + 2527. Determine u(-36).
1231
Let a(l) = -6*l**2 - 138*l - 1141. What is a(-12)?
-349
Let k(j) = 4*j**3 + 16*j**2 - 38*j - 339. Give k(-9).
-1617
Let h(c) = 1782497*c + 74864869. Calculate h(-42).
-5
Let j(t) = -3*t**3 - t**2 - 152*t + 1165. Calculate j(5).
5
Let q(c) = -46*c + 4709. What is q(92)?
477
Let m(y) = 59*y - 3636. Calculate m(74).
730
Let q(v) = -42342*v + 128214. Calculate q(3).
1188
Let v(f) = 121*f - 4648. Determine v(41).
313
Let n(d) = -101*d**3 - 6*d**2 + 4*d + 9. What is n(1)?
-94
Let u(i) = -i**3 + 601*i**2 - 20715*i + 814782. Determine u(567).
3
Let t(m) = 583*m**2 + 420*m - 9. Determine t(-1).
154
Let r(k) = 2*k**2 + 159*k + 1865. Calculate r(-13).
136
Let a(n) = -n**3 - 922*n**2 - 10014*n - 54. Calculate a(-11).
-131
Let g(h) = -259*h + 4944. Calculate g(19).
23
Let x(u) = -369*u - 85211. Determine x(-231).
28
Let c(x) = -5089*x - 168000. Give c(-33).
-63
Let p(h) = 3*h**3 - 51*h**2 - 8*h - 587. Determine p(18).
241
Let q(w) = -13*w**2 + 1301*w - 31191. Determine q(61).
-203
Let d(l) = 839459*l + 3357833. Give d(-4).
-3
Let n(o) = -o**3 + 25*o**2 - 221*o + 1516. Give n(16).
284
Let p(j) = -1248*j**2 + 179*j. Determine p(1).
-1069
Let c(j) = j**3 - 2*j**2 + 194*j + 1144. What is c(-5)?
-1
Let j(n) = -27*n**2 - 2706*n - 674. Determine j(-100).
-74
Let g(j) = 963*j + 211859. Determine g(-220).
-1
Let r(q) = q**3 + 30*q**2 - 6*q + 54. What is r(-29)?
1069
Let c(r) = -127*r**2 - 29*r - 401. Give c(0).
-401
Let d(i) = 15*i**2 - 625*i - 727. What is d(44)?
813
Let d(q) = 62*q + 5686. Determine d(-104).
-762
Let a(k) = -k**3 - 47*k**2 - 258*k + 7555. Give a(-30).
-5
Let j(f) = -2*f**2 - 3*f + 1364. Calculate j(-27).
-13
Let i(o) = 3*o**3 + 6*o**2 - 29*o - 5. Calculate i(3).
43
Let z(l) = 5*l**2 + 65*l - 1005. Give z(17).
1545
Let j(w) = 2*w**3 + 125*w**2 - 468*w - 448. Determine j(-66).
-52
Let l(t) = 28*t**3 + 839*t**2 + 190*t + 6611. Calculate l(-30).
11
Let u(g) = -g**3 + 25*g**2 + 358*g + 41. Give u(33).
3143
Let i(a) = 493*a + 4864. What is i(-10)?
-66
Let h(q) = -32*q**2 + 4513*q - 299. What is h(141)?
-158
Let v(d) = 414*d + 205766. Determine v(-497).
8
Let z(n) = 78*n + 2927. Calculate z(-31).
509
Let b(t) = t**3 - 5*t**2 + 584*t + 588. Determine b(-1).
-2
Let m(o) = -612*o - 32762. Calculate m(-54).
286
Let g(k) = 388*k + 5120. Give g(-14).
-312
Let x(z) = -232*z + 5864. Give x(20).
1224
Let g(h) = -42858*h + 42873. What is g(1)?
15
Let y(j) = -13*j**2 - 198*j + 2725. Calculate y(12).
-1523
Let v(p) = -p**2 - 26932*p - 134643. What is v(-5)?
-8
Let a(u) = -284*u + 16907. Give a(60).
-133
Let k(l) = -2*l**2 - 30*l + 5281. What is k(47)?
-547
Let n(t) = -t**3 - 2*t**2 + 531*t + 106. Give n(17).
3642
Let p(n) = 2839*n + 16939. Determine p(-6).
-95
Let n(h) = h**3 - 3*h**2 + 903*h + 4718. Calculate n(-5).
3
Let u(a) = -a**3 + 1165*a**2 - 9241*a - 83. Give u(8).
37
Let m(v) = v**3 + 33*v**2 + 281*v + 3750. What is m(-28)?
-198
Let t(y) = -3*y**2 - 150*y + 1745. Give t(10).
-55
Let o(w) = -w**2 - 572*w - 81310. What is o(-264)?
2
Let z(n) = 9*n**3 - 103*n**2 + 54*n - 63. Determine z(11).
47
Let v(y) = -1752*y + 714841. Calculate v(408).
25
Let q(j) = -3*j**3 - 495*j**2 - 977*j - 165. Determine q(-163).
-328
Let l(k) = -146*k**2 + 210*k - 1642. What is l(7)?
-7326
Let a(n) = 4128*n**2 + 28893*n - 5. What is a(-7)?
16
Let f(l) = 8326*l + 18733496. What is f(-2250)?
-4
Let v(o) = -5*o**2 - 10866*o + 658509. Calculate v(59).
10
Let p(s) = 138*s + 2204. Determine p(-22).
-832
Let f(s) = 385*s - 85. Calculate f(4).
1455
Let t(j) = -6